8?
0
What is the units digit of 5443?
3
What is the tens digit of 600?
0
What is the hundreds digit of 95003?
0
What is the thousands digit of 8734?
8
What is the ten thousands digit of 10936?
1
What is the ten thousands digit of 12625?
1
What is the units digit of 24949?
9
What is the units digit of 37?
7
What is the units digit of 426?
6
What is the ten thousands digit of 96438?
9
What is the hundreds digit of 10086?
0
What is the tens digit of 10772?
7
What is the ten thousands digit of 62187?
6
What is the tens digit of 1329?
2
What is the tens digit of 354?
5
What is the tens digit of 544?
4
What is the units digit of 1270?
0
What is the thousands digit of 7022?
7
What is the tens digit of 6686?
8
What is the hundreds digit of 3236?
2
What is the thousands digit of 30227?
0
What is the tens digit of 31991?
9
What is the hundreds digit of 18443?
4
What is the thousands digit of 1527?
1
What is the tens digit of 16882?
8
What is the thousands digit of 33735?
3
What is the tens digit of 1476?
7
What is the thousands digit of 27113?
7
What is the hundred thousands digit of 154528?
1
What is the tens digit of 18136?
3
What is the ten thousands digit of 31189?
3
What is the tens digit of 45073?
7
What is the tens digit of 169?
6
What is the units digit of 6946?
6
What is the tens digit of 61892?
9
What is the units digit of 955?
5
What is the units digit of 180?
0
What is the tens digit of 1797?
9
What is the units digit of 3037?
7
What is the units digit of 1753?
3
What is the units digit of 2221?
1
What is the tens digit of 894?
9
What is the thousands digit of 2065?
2
What is the units digit of 4338?
8
What is the hundreds digit of 887?
8
What is the thousands digit of 6932?
6
What is the hundred thousands digit of 104444?
1
What is the hundreds digit of 351?
3
What is the thousands digit of 9622?
9
What is the units digit of 28915?
5
What is the units digit of 159855?
5
What is the hundreds digit of 658?
6
What is the hundreds digit of 2812?
8
What is the ten thousands digit of 58561?
5
What is the thousands digit of 1477?
1
What is the hundreds digit of 175440?
4
What is the units digit of 41778?
8
What is the tens digit of 14209?
0
What is the tens digit of 751?
5
What is the units digit of 64?
4
What is the hundreds digit of 11216?
2
What is the thousands digit of 1380?
1
What is the hundreds digit of 104787?
7
What is the ten thousands digit of 62644?
6
What is the hundreds digit of 46733?
7
What is the tens digit of 1228?
2
What is the tens digit of 825?
2
What is the ten thousands digit of 19032?
1
What is the ten thousands digit of 52221?
5
What is the units digit of 49331?
1
What is the units digit of 1653?
3
What is the units digit of 35?
5
What is the units digit of 2606?
6
What is the hundreds digit of 1083?
0
What is the thousands digit of 47136?
7
What is the tens digit of 1220?
2
What is the thousands digit of 2332?
2
What is the tens digit of 4583?
8
What is the units digit of 936?
6
What is the units digit of 5153?
3
What is the thousands digit of 2050?
2
What is the ten thousands digit of 80786?
8
What is the tens digit of 149974?
7
What is the hundreds digit of 219?
2
What is the units digit of 6798?
8
What is the thousands digit of 8568?
8
What is the units digit of 19611?
1
What is the hundreds digit of 4031?
0
What is the hundreds digit of 111?
1
What is the hundreds digit of 1787?
7
What is the units digit of 1253?
3
What is the thousands digit of 36356?
6
What is the thousands digit of 2431?
2
What is the units digit of 610?
0
What is the thousands digit of 1780?
1
What is the thousands digit of 4771?
4
What is the hundreds digit of 5038?
0
What is the units digit of 1554?
4
What is the tens digit of 1384?
8
What is the units digit of 8420?
0
What is the hundreds digit of 6665?
6
What is the thousands digit of 2635?
2
What is the tens digit of 188?
8
What is the thousands digit of 79832?
9
What is the tens digit of 18169?
6
What is the units digit of 187481?
1
What is the thousands digit of 90416?
0
What is the thousands digit of 1087?
1
What is the thousands digit of 50596?
0
What is the thousands digit of 22821?
2
What is the units digit of 843?
3
What is the tens digit of 1825?
2
What is the units digit of 1594?
4
What is the hundreds digit of 34459?
4
What is the tens digit of 5837?
3
What is the tens digit of 45883?
8
What is the hundreds digit of 1244?
2
What is the tens digit of 793?
9
What is the thousands digit of 5105?
5
What is the hundreds digit of 202?
2
What is the units digit of 12350?
0
What is the thousands digit of 1326?
1
What is the hundreds digit of 3893?
8
What is the tens digit of 744?
4
What is the thousands digit of 19697?
9
What is the ten thousands digit of 11846?
1
What is the units digit of 3460?
0
What is the tens digit of 142?
4
What is the tens digit of 164785?
8
What is the hundreds digit of 57539?
5
What is the tens digit of 2734?
3
What is the hundreds digit of 359?
3
What is the units digit of 2167?
7
What is the tens digit of 14821?
2
What is the tens digit of 2402?
0
What is the hundreds digit of 891?
8
What is the thousands digit of 1499?
1
What is the hundreds digit of 29733?
7
What is the tens digit of 1190?
9
What is the units digit of 7841?
1
What is the tens digit of 257?
5
What is the ten thousands digit of 42419?
4
What is the tens digit of 42935?
3
What is the units digit of 2376?
6
What is the tens digit of 357?
5
What is the thousands digit of 3800?
3
What is the ten thousands digit of 17580?
1
What is the tens digit of 11206?
0
What is the hundreds digit of 32782?
7
What is the units digit of 686?
6
What is the tens digit of 3267?
6
What is the hundreds digit of 64288?
2
What is the hundreds digit of 20453?
4
What is the thousands digit of 10802?
0
What is the ten thousands digit of 21669?
2
What is the tens digit of 238?
3
What is the ten thousands digit of 58610?
5
What is the hundreds digit of 384?
3
What is the units digit of 35?
5
What is the hundreds digit of 632?
6
What is the thousands digit of 19854?
9
What is the units digit of 5458?
8
What is the ten thousands digit of 10873?
1
What is the units digit of 6364?
4
What is the thousands digit of 4631?
4
What is the units digit of 928?
8
What is the units digit of 764?
4
What is the units digit of 1497?
7
What is the hundreds digit of 345?
3
What is the tens digit of 17657?
5
What is the units digit of 922?
2
What is the ten thousands digit of 62257?
6
What is the hundreds digit of 2618?
6
What is the hundreds digit of 2931?
9
What is the ten thousands digit of 135878?
3
What is the tens digit of 282?
8
What is the tens digit of 581?
8
What is the units digit of 65985?
5
What is the ten thousands digit of 11535?
1
What is the thousands digit of 70386?
0
What is the units digit of 155?
5
What is the tens digit of 4767?
6
What is the units digit of 453?
3
What is the hundreds digit of 11279?
2
What is the tens digit of 18523?
2
What is the units digit of 25035?
5
What is the units digit of 36?
6
What is the tens digit of 1144?
4
What is the tens digit of 1683?
8
What is the hundreds digit of 492?
4
What is the hundreds digit of 239?
2
What is the units digit of 4419?
9
What is the tens digit of 8577?
7
What is the units digit of 3704?
4
What is the ten thousands digit of 66316?
6
What is the units digit of 4953?
3
What is the thousands digit of 85770?
5
What is the tens digit of 1294?
9
What is the tens digit of 125?
2
What is the units digit of 162?
2
What is the tens digit of 1124?
2
What is the thousands digit of 1476?
1
What is the hundreds digit of 12037?
0
What is the tens digit of 1025?
2
What is the tens digit of 1972?
7
What is the tens digit of 612?
1
What is the tens digit of 39036?
3
What is the tens digit of 46419?
1
What is the ten thousands digit of 14608?
1
What is the ten thousands digit of 19037?
1
What is the units digit of 809?
9
What is the units digit of 411?
1
What is the units digit of 1051?
1
What is the tens digit of 2352?
5
What is the tens digit of 2246?
4
What is the hundreds digit of 1198?
1
What is the ten thousands digit of 97224?
9
What is the units digit of 4386?
6
What is the ten thousands digit of 82301?
8
What is the hundreds digit of 12805?
8
What is the units digit of 65